e greatest common factor of 33 and q.
11
Suppose 0 = 20*f + 383 - 1923. What is the highest common divisor of f and 11?
11
Let u = -5 - -9. Let r(n) = -n + 5*n**2 - 2*n + n**3 - 6 + u + 3. Let m be r(3). What is the greatest common factor of 16 and m?
16
Let f = 7 - -3. What is the greatest common divisor of f and 50?
10
Let v be (-4)/22 - (-606)/66. What is the highest common factor of 9 and v?
9
Suppose 0 = -3*m + 26 + 7. What is the greatest common factor of 44 and m?
11
Let z be 2 - -264 - (2 + -2). Let p = z + -116. Calculate the greatest common divisor of p and 15.
15
Suppose -4*o - 8 = -4*t - 32, -3*o = -12. Let f = 119 - t. What is the greatest common divisor of f and 11?
11
Let p be (-30)/(-4)*(-18)/(-15). What is the highest common divisor of 18 and p?
9
Let s(u) = 13*u + 11 + 12*u - 13. Let b be s(8). What is the greatest common factor of b and 18?
18
Let a be -9*1*(28/(-12) + 2). What is the greatest common factor of 3 and a?
3
Suppose 0 = 4*l + 9 - 85. Let n = 26 + 12. Calculate the highest common divisor of n and l.
19
Suppose 4*y - 3*y = 145. Suppose 0 = -2*s + s + 58. What is the greatest common factor of s and y?
29
Suppose -2*o - 5*n - 43 = -3*o, 2*n = -2*o + 98. Calculate the greatest common divisor of 12 and o.
12
Let y be (-2 - 0)*2/((-12)/903). Calculate the highest common factor of 43 and y.
43
Suppose 4*l - 18 = 2*d, -d = -5*l + 30 - 9. Let b(o) = -24*o - 90. Let q be b(-4). Calculate the highest common divisor of l and q.
2
Let z(w) = 4*w**2 + w + 1. Let v be z(2). Suppose 4*g - 380 = -g. Calculate the highest common divisor of v and g.
19
Suppose 5*r = -27 - 3. Let m(l) = -l - 1. Let g be m(r). Suppose -205 = -2*j + 5*f, -g*j + 22 = -f - 502. Calculate the greatest common factor of j and 21.
21
Suppose r + 2*q + 0 - 22 = 0, 16 = 2*r - 3*q. What is the highest common divisor of r and 154?
14
Let a(x) = 2*x. Let u be a(2). Suppose 0 = u*m + 2 - 50. Suppose m = p + p. Calculate the greatest common factor of 6 and p.
6
Suppose 0 = -c - c - 26. Let z = c + 27. Calculate the highest common factor of z and 56.
14
Let l(u) be the first derivative of u**3/3 - u**2/2 - 2*u - 1. Let t be l(3). Let q = 50 + -30. Calculate the highest common divisor of q and t.
4
Suppose -2*h = -8, 0 = -4*b - h - 3*h + 32. Suppose -2*x - 22 = -b*x. Calculate the highest common divisor of 77 and x.
11
Let w = 114 + -65. Suppose -4*t + 24 + 4 = 0. What is the greatest common divisor of t and w?
7
Let t(q) = -q**2 + q + 16. Let c be t(0). Calculate the greatest common divisor of 16 and c.
16
Let c be 513/(-6)*2*-1. Suppose -4*l + 23 + 4 = r, 2*r - 2*l = 34. What is the greatest common divisor of c and r?
19
Let y(o) = -o**2 - 4*o - 3. Let t be y(-2). Let f = -164 + 175. What is the greatest common factor of t and f?
1
Let i be (2 - 14/3)*-6. Let x = -5 - -10. Suppose -4*f = -3*d + 292 + 232, -x*f = 2*d - 357. Calculate the greatest common factor of d and i.
16
Let h = 8 + -6. Suppose -36 = -h*g - g. What is the greatest common divisor of g and 96?
12
Suppose -28 = v - 33. Calculate the highest common factor of 55 and v.
5
Let r(x) = 4*x**2 + 11*x - 19. Let q be r(5). Calculate the highest common divisor of 17 and q.
17
Suppose s = -2*s + 207. What is the highest common divisor of s and 23?
23
Let q(a) = a**2 + a + 10. Let r be q(0). Let g = -2 + r. Let y = 39 + -27. Calculate the greatest common factor of g and y.
4
Let v = 54 - 40. Calculate the highest common divisor of 7 and v.
7
Let q be 1 + (2 - -15)*1. Calculate the greatest common factor of q and 27.
9
Let p be (-2 + 2 - 26 - -2)*-6. What is the greatest common divisor of p and 9?
9
Let u(a) = a**3 + 8*a**2 - 8*a + 11. Let g be u(-9). Suppose -3*q = -12, g*q + 23 = d - 46. Let l = 24 + -17. Calculate the highest common divisor of l and d.
7
Let n(q) = 2*q**2 + q**2 - 2*q**2 - 3*q - 2 + q**3. Let g be n(4). Calculate the highest common divisor of 6 and g.
6
Suppose 32 = 3*b - b. Let z = -8 + 12. What is the greatest common factor of z and b?
4
Let m(i) = -i**3 + 21*i**2 - 17*i - 16. Let a be m(20). What is the highest common factor of 110 and a?
22
Suppose -z = -20 + 4. What is the highest common divisor of 32 and z?
16
Let v(c) = c**2 - 4. Let k be v(3). Let p be -5*(-6)/k*6. What is the greatest common divisor of 4 and p?
4
Let c = 12 + 3. Suppose -f = -4*h - 119, f - 5*h + 425 = 4*f. Calculate the greatest common factor of f and c.
15
Let b(j) = j**3 + 6*j**2 + 4*j + 1. Let f be b(-6). Let o = f + 35. Calculate the greatest common divisor of o and 84.
12
Suppose 52 = 12*v - 68. Let z be 6/4*(-160)/(-3). Calculate the highest common factor of z and v.
10
Suppose -w + 3 = -4*w. Let g be w/(-2 + 66/32). Let n = -7 - g. Calculate the highest common divisor of 45 and n.
9
Let i be 3/(-6) - 55/(-2). Suppose 11 - i = -p. Calculate the highest common divisor of 24 and p.
8
Suppose 4*h - 2*w = w + 265, -49 = -h - 5*w. What is the highest common divisor of h and 8?
8
Suppose -76 - 12 = -4*t. What is the highest common factor of 11 and t?
11
Let n be ((-1 - -1)/2)/(-1). Let k = n - -30. Calculate the highest common factor of k and 12.
6
Suppose 132 - 676 = -4*a. Let w = 43 - 26. Calculate the greatest common divisor of w and a.
17
Suppose 0 = 2*m - j + 8, -3*m + 2*j + 3 - 14 = 0. Let g = m - -29. Let y = g - 9. What is the highest common divisor of y and 15?
15
Let s be (25/3 + -1)/((-16)/(-96)). Calculate the highest common divisor of 11 and s.
11
Let v be (21/6)/(2/52). Suppose -4*s + v - 11 = 0. What is the highest common factor of s and 5?
5
Let z(w) = w**3 - 5*w**2 - 3*w. Let t be z(6). Calculate the highest common divisor of t and 198.
18
Suppose 0*s = -2*s + 2. Suppose 3*n + s = 28. Let j = -6 + n. What is the greatest common factor of 27 and j?
3
Let g(p) = -p**3 - 10*p**2 - 9*p. Let q be g(-9). Let h = -4 - q. Let o be (-34)/16*2*h. What is the highest common divisor of o and 34?
17
Let x = 12 + 1. What is the greatest common divisor of x and 52?
13
Suppose -4*x + 6 = -2*x. What is the highest common factor of x and 3?
3
Let v(t) = 8*t**3. Let g be v(1). Calculate the highest common divisor of 24 and g.
8
Let m be 18/((27/(-6))/(-3)). Let g be 8 - -2*(-4 - -3). What is the highest common divisor of m and g?
6
Suppose d + 70 = 2*d. Suppose -i = -0*i - d. Let w be 2/(-4)*4*-7. What is the greatest common divisor of w and i?
14
Let g be (4 - (-4 - -7))*15. Suppose -3*j = -5*q + 185, -2*j - 69 = 4*q + 47. Let w = j + 165. What is the greatest common factor of g and w?
15
Let u be 48 - ((2 - 0) + -1 + 2). What is the highest common divisor of u and 27?
9
Let a be 13/5*(11 + -6). Calculate the highest common factor of a and 130.
13
Suppose 5*t = m - 2*m + 89, 3*t = 3*m + 57. Let h(l) = 3*l. Let j be h(9). Calculate the greatest common divisor of j and t.
9
Suppose 9 = 5*v + o + 3, -16 = -4*v + 2*o. Suppose h - 3 = 1. Let a = v + h. What is the highest common factor of 30 and a?
6
Let a be (-2)/(-4)*(-2 - 2). Let n be 10*-66*a/10. Suppose -8 + 56 = 4*g. Calculate the greatest common factor of g and n.
12
Suppose 6*s - 12*s + 30 = 0. Calculate the greatest common divisor of 25 and s.
5
Suppose 4*c - 4 = 2*j + 3*j, 3*c = -5*j + 38. Suppose 36 = -2*z + c*z. What is the greatest common divisor of 9 and z?
9
Let r be -3*((-6 - 0) + -1). What is the highest common divisor of 189 and r?
21
Suppose -u + 45 = -5*l - 9, -148 = -4*u + 3*l. Calculate the greatest common factor of 85 and u.
17
Suppose y + 1 = 0, -4*u = -2*y + y - 13. Let t be 1/((-3)/(-7*u)). Calculate the greatest common factor of t and 14.
7
Let l(r) = -r**3 - 2*r**2 + 7*r + 5. Let n be l(-4). What is the highest common factor of 9 and n?
9
Suppose -5*v + 2*u - 150 = -9*v, 0 = -5*u - 25. Calculate the greatest common factor of 50 and v.
10
Let n = -59 + 79. What is the greatest common divisor of 30 and n?
10
Let p be (-1792)/(-36) + 4/18. Suppose 4*x - 70 = p. Suppose -3*m = -9 - 9. What is the greatest common factor of m and x?
6
Let v(h) = -h**3 - 9*h**2 - 9*h - 9. Let a be v(-9). Calculate the highest common factor of 8 and a.
8
Suppose -5*o = 4*c - 207, -c = -4*o + 2*o - 68. Let w = 146 - c. Let u be 62/6 - 8/(-12). What is the highest common divisor of w and u?
11
Let k = -2 - -8. What is the highest common factor of 66 and k?
6
Let k